 is the units digit of 409?
9
What is the tens digit of 8338?
3
What is the ten thousands digit of 30436?
3
What is the units digit of 13396?
6
What is the thousands digit of 1794?
1
What is the tens digit of 999?
9
What is the tens digit of 30765?
6
What is the units digit of 23266?
6
What is the hundreds digit of 345?
3
What is the units digit of 1185?
5
What is the tens digit of 55050?
5
What is the thousands digit of 5891?
5
What is the hundreds digit of 4957?
9
What is the thousands digit of 1135?
1
What is the tens digit of 1561?
6
What is the units digit of 13447?
7
What is the ten thousands digit of 12804?
1
What is the tens digit of 880?
8
What is the units digit of 4069?
9
What is the hundreds digit of 501?
5
What is the tens digit of 2447?
4
What is the ten thousands digit of 12427?
1
What is the hundreds digit of 25964?
9
What is the tens digit of 1791?
9
What is the thousands digit of 56268?
6
What is the tens digit of 44881?
8
What is the thousands digit of 2827?
2
What is the tens digit of 1672?
7
What is the units digit of 34526?
6
What is the tens digit of 4467?
6
What is the units digit of 136477?
7
What is the tens digit of 253?
5
What is the ten thousands digit of 39209?
3
What is the thousands digit of 40190?
0
What is the tens digit of 249?
4
What is the units digit of 153?
3
What is the tens digit of 1858?
5
What is the hundreds digit of 1973?
9
What is the units digit of 1060?
0
What is the units digit of 30976?
6
What is the ten thousands digit of 40394?
4
What is the tens digit of 93?
9
What is the hundreds digit of 900?
9
What is the hundreds digit of 9061?
0
What is the hundreds digit of 1227?
2
What is the thousands digit of 32737?
2
What is the hundreds digit of 574?
5
What is the hundreds digit of 5786?
7
What is the units digit of 2727?
7
What is the hundreds digit of 804?
8
What is the tens digit of 584?
8
What is the hundreds digit of 350?
3
What is the units digit of 312?
2
What is the tens digit of 7475?
7
What is the hundreds digit of 1832?
8
What is the ten thousands digit of 11422?
1
What is the hundreds digit of 24256?
2
What is the units digit of 258?
8
What is the tens digit of 6088?
8
What is the thousands digit of 52956?
2
What is the hundreds digit of 96327?
3
What is the ten thousands digit of 36330?
3
What is the tens digit of 5981?
8
What is the tens digit of 39386?
8
What is the tens digit of 3315?
1
What is the units digit of 2094?
4
What is the thousands digit of 15186?
5
What is the tens digit of 90?
9
What is the tens digit of 1880?
8
What is the tens digit of 2181?
8
What is the tens digit of 4115?
1
What is the thousands digit of 1054?
1
What is the tens digit of 109?
0
What is the ten thousands digit of 13275?
1
What is the thousands digit of 63276?
3
What is the tens digit of 1548?
4
What is the hundreds digit of 46420?
4
What is the tens digit of 13378?
7
What is the units digit of 102618?
8
What is the thousands digit of 1486?
1
What is the thousands digit of 40926?
0
What is the thousands digit of 4476?
4
What is the tens digit of 666?
6
What is the tens digit of 1120?
2
What is the ten thousands digit of 65804?
6
What is the hundreds digit of 13241?
2
What is the units digit of 173?
3
What is the tens digit of 1094?
9
What is the thousands digit of 1027?
1
What is the tens digit of 7702?
0
What is the tens digit of 53494?
9
What is the hundreds digit of 241?
2
What is the hundreds digit of 56690?
6
What is the tens digit of 1934?
3
What is the ten thousands digit of 37926?
3
What is the tens digit of 15434?
3
What is the thousands digit of 51274?
1
What is the tens digit of 11000?
0
What is the units digit of 199?
9
What is the thousands digit of 4495?
4
What is the thousands digit of 3279?
3
What is the hundreds digit of 19583?
5
What is the units digit of 27962?
2
What is the units digit of 5210?
0
What is the thousands digit of 18727?
8
What is the hundreds digit of 805?
8
What is the ten thousands digit of 13645?
1
What is the units digit of 2434?
4
What is the tens digit of 5443?
4
What is the hundreds digit of 12332?
3
What is the units digit of 30296?
6
What is the thousands digit of 35934?
5
What is the hundreds digit of 1863?
8
What is the tens digit of 2861?
6
What is the units digit of 14104?
4
What is the ten thousands digit of 36624?
3
What is the units digit of 14332?
2
What is the units digit of 120149?
9
What is the hundreds digit of 1882?
8
What is the thousands digit of 1905?
1
What is the hundreds digit of 1606?
6
What is the tens digit of 1143?
4
What is the ten thousands digit of 15329?
1
What is the thousands digit of 5814?
5
What is the thousands digit of 19304?
9
What is the tens digit of 1967?
6
What is the hundreds digit of 8163?
1
What is the thousands digit of 27960?
7
What is the ten thousands digit of 63607?
6
What is the ten thousands digit of 24222?
2
What is the thousands digit of 24558?
4
What is the thousands digit of 3345?
3
What is the thousands digit of 1500?
1
What is the thousands digit of 7076?
7
What is the units digit of 9387?
7
What is the hundreds digit of 366?
3
What is the units digit of 1070?
0
What is the hundreds digit of 292?
2
What is the hundreds digit of 40983?
9
What is the thousands digit of 2997?
2
What is the units digit of 1005?
5
What is the thousands digit of 56464?
6
What is the hundreds digit of 25624?
6
What is the hundreds digit of 12148?
1
What is the tens digit of 15735?
3
What is the units digit of 21417?
7
What is the tens digit of 3919?
1
What is the units digit of 31257?
7
What is the tens digit of 5784?
8
What is the hundreds digit of 1608?
6
What is the thousands digit of 2696?
2
What is the tens digit of 1398?
9
What is the units digit of 165?
5
What is the tens digit of 1384?
8
What is the tens digit of 2875?
7
What is the tens digit of 51?
5
What is the units digit of 79311?
1
What is the units digit of 5745?
5
What is the tens digit of 123?
2
What is the units digit of 295?
5
What is the hundreds digit of 1241?
2
What is the tens digit of 261?
6
What is the hundreds digit of 1523?
5
What is the units digit of 1362?
2
What is the ten thousands digit of 16672?
1
What is the thousands digit of 1502?
1
What is the units digit of 21114?
4
What is the thousands digit of 1300?
1
What is the units digit of 1366?
6
What is the ten thousands digit of 73009?
7
What is the tens digit of 8317?
1
What is the units digit of 2566?
6
What is the tens digit of 15318?
1
What is the hundreds digit of 111?
1
What is the units digit of 43957?
7
What is the hundreds digit of 861?
8
What is the units digit of 656?
6
What is the thousands digit of 1808?
1
What is the units digit of 6586?
6
What is the units digit of 1101?
1
What is the units digit of 3244?
4
What is the tens digit of 4155?
5
What is the hundreds digit of 10936?
9
What is the tens digit of 49792?
9
What is the tens digit of 1097?
9
What is the units digit of 50472?
2
What is the units digit of 924?
4
What is the hundreds digit of 8571?
5
What is the tens digit of 49754?
5
What is the units digit of 1501?
1
What is the units digit of 1453?
3
What is the units digit of 102127?
7
What is the thousands digit of 2334?
2
What is the thousands digit of 28583?
8
What is the tens digit of 8611?
1
What is the tens digit of 136482?
8
What is the units digit of 989?
9
What is the thousands digit of 1252?
1
What is the units digit of 106553?
3
What is the thousands digit of 33980?
3
What is the hundreds digit of 120778?
7
What is the thousands digit of 1036?
1
What is the units digit of 1147?
7
What is the hundreds digit of 388?
3
What is the units digit of 428?
8
What is the thousands digit of 13769?
3
What is the hundreds digit of 676?
6
What is the units digit of 2346?
6
What is the thousands digit of 106647?
6
What is the hundreds digit of 17354?
3
What is the hundreds digit of 18643?
6
What is the hundreds digit of 28000?
0
What is the hundreds digit of 3515?
5
What is the units digit of 111229?
9
What is the units digit of 73216?
6
What is the hundreds digit of 7142?
1
What is the hundreds digit of 3754?
7
What is the units digit of 4482?
2
What is the units digit of 85172?
2
What is the hundreds digit of 36366?
3
What is the units digit of 24159?
9
What is the thousan